{"id":634,"date":"2015-04-01T05:28:43","date_gmt":"2015-04-01T03:28:43","guid":{"rendered":"http:\/\/www.piikkionveneseura.net\/?page_id=634"},"modified":"2015-04-01T05:28:43","modified_gmt":"2015-04-01T03:28:43","slug":"my-calendar-2","status":"publish","type":"page","link":"https:\/\/www.piikkionveneseura.net\/?page_id=634","title":{"rendered":"Kalenteri"},"content":{"rendered":"\r\n<div id='mc-948a6a8e8cd15db324902317a630b853' class='mc-main mcjs listjs gridjs minijs ajaxjs mc_custom_inherit calendar month mc-948a6a8e8cd15db324902317a630b853 is-main-view' >\n<script type=\"application\/ld+json\">\n[{\"@context\":\"https:\/\/schema.org\",\"@type\":\"Event\",\"name\":\"Kev\\u00e4tkokous\",\"description\":\"Kev\\u00e4tkokous sataman vartiotuvalla torstaina 7.5.2025 klo 19.00. Esill\\u00e4 s\\u00e4\\u00e4nt\\u00f6m\\u00e4\\u00e4r\\u00e4iset asiat, lis\\u00e4ksi kunniaj\\u00e4senen lippujen luovutus uusille kunniaj\\u00e4senille. Tervetuloa!\",\"image\":\"https:\/\/www.piikkionveneseura.net\/wp-content\/uploads\/cropped-cropped-Logo.jpg\",\"url\":\"https:\/\/www.piikkionveneseura.net\/?page_id=634&#038;mc_id=303&#038;rest_route=\/wp\/v2\/pages\/634\",\"startDate\":\"2026-05-07T19:00:00+03:00\",\"endDate\":\"2026-05-07T21:00:00+03:00\",\"duration\":\"PT2H\",\"eventAttendanceMode\":\"https:\/\/schema.org\/OnlineEventAttendanceMode\",\"location\":{\"@type\":\"VirtualLocation\",\"url\":\"https:\/\/www.piikkionveneseura.net\/?page_id=634&#038;mc_id=303&#038;rest_route=\/wp\/v2\/pages\/634\"}}]\n<\/script>\n<h2 id=\"mc_head_mc-948a6a8e8cd15db324902317a630b853\" class=\"heading my-calendar-month\"><span>Events in toukokuu 2026<\/span><\/h2>\n\n<nav class=\"my-calendar-navigation\" aria-label=\"Calendar (top)\">\n<div class=\"my-calendar-header\"><div class='mc-format'>\r\n\t\t<ul><li><button type='button' id='mc_grid-mc-948a6a8e8cd15db324902317a630b853' data-href='https:\/\/www.piikkionveneseura.net\/?page_id=634&#038;format=calendar&#038;rest_route=\/wp\/v2\/pages\/634' aria-pressed=\"true\" class='mc-navigation-button mc-grid-option mc-active'><span class='mc-icon' aria-hidden='true'><\/span><span class=\"maybe-hide\">View as <\/span>Grid<\/button><\/li><li><button type='button' id='mc_list-mc-948a6a8e8cd15db324902317a630b853' data-href='https:\/\/www.piikkionveneseura.net\/?page_id=634&#038;format=list&#038;rest_route=\/wp\/v2\/pages\/634'  class='mc-navigation-button mc-list-option'><span class='mc-icon' aria-hidden='true'><\/span><span class=\"maybe-hide\">View as <\/span>List<\/button><\/li><\/ul>\r\n\t\t<\/div><div class='mc-time'><ul><li><button type='button' id='mc_month-mc-948a6a8e8cd15db324902317a630b853' data-href='https:\/\/www.piikkionveneseura.net\/?page_id=634&#038;cid=mc-948a6a8e8cd15db324902317a630b853&#038;rest_route=\/wp\/v2\/pages\/634&#038;time=month' class='mc-navigation-button month mc-active' aria-pressed='true'>Month<\/button><\/li><li><button type='button' id='mc_week-mc-948a6a8e8cd15db324902317a630b853' data-href='https:\/\/www.piikkionveneseura.net\/?page_id=634&#038;cid=mc-948a6a8e8cd15db324902317a630b853&#038;dy=4&#038;month=4&#038;rest_route=\/wp\/v2\/pages\/634&#038;time=week&#038;yr=2026' class='mc-navigation-button week'>Week<\/button><\/li><li><button type='button' id='mc_day-mc-948a6a8e8cd15db324902317a630b853' data-href='https:\/\/www.piikkionveneseura.net\/?page_id=634&#038;cid=mc-948a6a8e8cd15db324902317a630b853&#038;dy=4&#038;rest_route=\/wp\/v2\/pages\/634&#038;time=day' class='mc-navigation-button day'>Day<\/button><li><\/ul><\/div><div class=\"my-calendar-date-switcher\"><form class=\"mc-date-switcher\" action=\"https:\/\/www.piikkionveneseura.net?rest_route=\/wp\/v2\/pages\/634\" method=\"get\"><div><input type=\"hidden\" name=\"cid\" value=\"mc-948a6a8e8cd15db324902317a630b853\" \/><input type=\"hidden\" name=\"rest_route\" value=\"\/wp\/v2\/pages\/634\" \/> <label class=\"maybe-hide\" for=\"mc-948a6a8e8cd15db324902317a630b853-month\">Month<\/label> <select id=\"mc-948a6a8e8cd15db324902317a630b853-month\" name=\"month\">\n<option value='1'>tammikuu<\/option>\n<option value='2'>helmikuu<\/option>\n<option value='3'>maaliskuu<\/option>\n<option value='4'>huhtikuu<\/option>\n<option value='5' selected='selected'>toukokuu<\/option>\n<option value='6'>kes\u00e4kuu<\/option>\n<option value='7'>hein\u00e4kuu<\/option>\n<option value='8'>elokuu<\/option>\n<option value='9'>syyskuu<\/option>\n<option value='10'>lokakuu<\/option>\n<option value='11'>marraskuu<\/option>\n<option value='12'>joulukuu<\/option>\n<\/select>\n <label class=\"maybe-hide\" for=\"mc-948a6a8e8cd15db324902317a630b853-year\">Year<\/label> <select id=\"mc-948a6a8e8cd15db324902317a630b853-year\" name=\"yr\">\n<option value=\"2022\">2022<\/option>\n<option value=\"2023\">2023<\/option>\n<option value=\"2024\">2024<\/option>\n<option value=\"2025\">2025<\/option>\n<option value=\"2026\" selected='selected'>2026<\/option>\n<\/select> <input type=\"submit\" class=\"button\" id=\"mc-948a6a8e8cd15db324902317a630b853-button\" value=\"Go\" \/><\/div><\/form><\/div>\r\n\t\t<div class=\"my-calendar-nav\">\r\n\t\t\t<ul>\r\n\t\t\t\t<li class=\"my-calendar-prev\"><button type=\"button\" class=\"mc-navigation-button\" id=\"mc_previous_mc-948a6a8e8cd15db324902317a630b853\" data-href=\"https:\/\/www.piikkionveneseura.net\/?page_id=634&#038;cid=mc-948a6a8e8cd15db324902317a630b853&#038;dy&#038;month=4&#038;rest_route=\/wp\/v2\/pages\/634&#038;time=month&#038;yr=2026\"><span class=\"mc-icon\" aria-hidden=\"true\"><\/span>Edellinen<\/button><\/li><li class=\"my-calendar-today\"><button type=\"button\" id=\"mc_today_mc-948a6a8e8cd15db324902317a630b853\" data-href=\"https:\/\/www.piikkionveneseura.net\/?page_id=634&#038;cid=mc-948a6a8e8cd15db324902317a630b853&#038;rest_route=\/wp\/v2\/pages\/634\" class=\"mc-navigation-button today mc-active\" aria-current=\"true\"><span class=\"mc-icon\" aria-hidden=\"true\"><\/span>Today<\/button><\/li>\r\n\t\t\t<\/ul>\r\n\t\t<\/div><\/div>\n<\/nav>\n<div class=\"mc-content\">\n<table class='my-calendar-table' aria-labelledby='mc_head_mc-948a6a8e8cd15db324902317a630b853'>\n<thead>\n\t<tr class='mc-row'>\n\t\t<th scope=\"col\" class='day-heading mon'><abbr title=\"maanantai\" aria-hidden=\"true\">ma<\/abbr><span class=\"screen-reader-text\">maanantai<\/span><\/th>\n\n\t\t<th scope=\"col\" class='day-heading tues'><abbr title=\"tiistai\" aria-hidden=\"true\">ti<\/abbr><span class=\"screen-reader-text\">tiistai<\/span><\/th>\n\n\t\t<th scope=\"col\" class='day-heading wed'><abbr title=\"keskiviikko\" aria-hidden=\"true\">ke<\/abbr><span class=\"screen-reader-text\">keskiviikko<\/span><\/th>\n\n\t\t<th scope=\"col\" class='day-heading thur'><abbr title=\"torstai\" aria-hidden=\"true\">to<\/abbr><span class=\"screen-reader-text\">torstai<\/span><\/th>\n\n\t\t<th scope=\"col\" class='day-heading fri'><abbr title=\"perjantai\" aria-hidden=\"true\">pe<\/abbr><span class=\"screen-reader-text\">perjantai<\/span><\/th>\n\n\t\t<th scope=\"col\" class='weekend-heading sat'><abbr title=\"lauantai\" aria-hidden=\"true\">la<\/abbr><span class=\"screen-reader-text\">lauantai<\/span><\/th>\n\n\t\t<th scope=\"col\" class='weekend-heading sun'><abbr title=\"sunnuntai\" aria-hidden=\"true\">su<\/abbr><span class=\"screen-reader-text\">sunnuntai<\/span><\/th>\n\t<\/tr>\n<\/thead>\n<tbody>\n<tr class='mc-row'><td class='no-events maanantai ma past-day past-date  nextmonth no-events day-with-date'><div class='mc-date-container'><span class='mc-date no-events'><span aria-hidden='true'>27<\/span><span class='screen-reader-text'>27.4.26<\/span><\/span><\/div>\n<\/td>\n<td class='no-events tiistai ti past-day past-date  nextmonth no-events day-with-date'><div class='mc-date-container'><span class='mc-date no-events'><span aria-hidden='true'>28<\/span><span class='screen-reader-text'>28.4.26<\/span><\/span><\/div>\n<\/td>\n<td class='no-events keskiviikko ke past-day past-date  nextmonth no-events day-with-date'><div class='mc-date-container'><span class='mc-date no-events'><span aria-hidden='true'>29<\/span><span class='screen-reader-text'>29.4.26<\/span><\/span><\/div>\n<\/td>\n<td class='no-events torstai to past-day past-date  nextmonth no-events day-with-date'><div class='mc-date-container'><span class='mc-date no-events'><span aria-hidden='true'>30<\/span><span class='screen-reader-text'>30.4.26<\/span><\/span><\/div>\n<\/td>\n<td class='no-events perjantai pe past-day past-date   no-events day-with-date'><div class='mc-date-container'><span class='mc-date no-events'><span aria-hidden='true'>1<\/span><span class='screen-reader-text'>1.5.26<\/span><\/span><\/div>\n<\/td>\n<td aria-current=\"date\" class='no-events lauantai la current-day weekend  no-events day-with-date'><div class='mc-date-container'><span class='mc-date no-events'><span aria-hidden='true'>2<\/span><span class='screen-reader-text'>2.5.26<\/span><\/span><\/div>\n<\/td>\n<td class='no-events sunnuntai su future-day weekend  no-events day-with-date'><div class='mc-date-container'><span class='mc-date no-events'><span aria-hidden='true'>3<\/span><span class='screen-reader-text'>3.5.26<\/span><\/span><\/div>\n<\/td>\n<\/tr>\n<!-- End Event Row -->\n<tr class='mc-row'><td class='no-events maanantai ma future-day   no-events day-with-date'><div class='mc-date-container'><span class='mc-date no-events'><span aria-hidden='true'>4<\/span><span class='screen-reader-text'>4.5.26<\/span><\/span><\/div>\n<\/td>\n<td class='no-events tiistai ti future-day   no-events day-with-date'><div class='mc-date-container'><span class='mc-date no-events'><span aria-hidden='true'>5<\/span><span class='screen-reader-text'>5.5.26<\/span><\/span><\/div>\n<\/td>\n<td class='no-events keskiviikko ke future-day   no-events day-with-date'><div class='mc-date-container'><span class='mc-date no-events'><span aria-hidden='true'>6<\/span><span class='screen-reader-text'>6.5.26<\/span><\/span><\/div>\n<\/td>\n<td id='calendar-2026-05-07' class='mc-events torstai to future-day   has-events author1 mcat_general day-with-date'><div class='mc-date-container'>\n\t<span class='mc-date'><span aria-hidden='true' class='mc-day-number'>7<\/span><span class='screen-reader-text mc-day-date'>7.5.26<\/span><span class=\"event-icon\" aria-hidden=\"true\">&#9679;<\/span><span class=\"screen-reader-text\"><span class=\"mc-list-details event-count\">(1 event)<\/span><\/span><\/span><\/div><article id='mc_calendar_07_303-calendar-303' class='mc-mc_calendar_303 calendar-event mc_general mc_no-location  future-event mc_primary_general nonrecurring mc-2-tuntia mc-start-19-00 ungrouped mc-event-174 mc-events mc-event mc_rel_general'><header>\t<h3 class='event-title summary' id='mc_303-title-mc-948a6a8e8cd15db324902317a630b853'><button type='button'  aria-expanded='false' aria-controls='mc_calendar_07_303-calendar-details-303' class='calendar open url summary has-image'><svg style=\"fill:#000000\" focusable=\"false\" role=\"img\" aria-labelledby=\"cat_303\" class=\"category-icon\" xmlns=\"http:\/\/www.w3.org\/2000\/svg\" viewBox=\"0 0 448 512\"><!-- Font Awesome Free 5.15.3 by @fontawesome - https:\/\/fontawesome.com License - https:\/\/fontawesome.com\/license\/free (Icons: CC BY 4.0, Fonts: SIL OFL 1.1, Code: MIT License) --><title id='cat_303'>Category: General<\/title><path d=\"M0 464c0 26.5 21.5 48 48 48h352c26.5 0 48-21.5 48-48V192H0v272zm320-196c0-6.6 5.4-12 12-12h40c6.6 0 12 5.4 12 12v40c0 6.6-5.4 12-12 12h-40c-6.6 0-12-5.4-12-12v-40zm0 128c0-6.6 5.4-12 12-12h40c6.6 0 12 5.4 12 12v40c0 6.6-5.4 12-12 12h-40c-6.6 0-12-5.4-12-12v-40zM192 268c0-6.6 5.4-12 12-12h40c6.6 0 12 5.4 12 12v40c0 6.6-5.4 12-12 12h-40c-6.6 0-12-5.4-12-12v-40zm0 128c0-6.6 5.4-12 12-12h40c6.6 0 12 5.4 12 12v40c0 6.6-5.4 12-12 12h-40c-6.6 0-12-5.4-12-12v-40zM64 268c0-6.6 5.4-12 12-12h40c6.6 0 12 5.4 12 12v40c0 6.6-5.4 12-12 12H76c-6.6 0-12-5.4-12-12v-40zm0 128c0-6.6 5.4-12 12-12h40c6.6 0 12 5.4 12 12v40c0 6.6-5.4 12-12 12H76c-6.6 0-12-5.4-12-12v-40zM400 64h-48V16c0-8.8-7.2-16-16-16h-32c-8.8 0-16 7.2-16 16v48H160V16c0-8.8-7.2-16-16-16h-32c-8.8 0-16 7.2-16 16v48H48C21.5 64 0 85.5 0 112v48h448v-48c0-26.5-21.5-48-48-48z\"\/><\/svg> <div>Kev\u00e4tkokous<\/div><\/button><\/h3>\n<\/header><div id='mc_calendar_07_303-calendar-details-303' class='details no-image single-details'  aria-labelledby='mc_303-title-mc-948a6a8e8cd15db324902317a630b853'>\n\t<button type='button' aria-controls='mc_calendar_07_303-calendar-details-303' class='mc-toggle close'><span class='dashicons dashicons-dismiss' aria-hidden='true'><\/span><span class='screen-reader-text'>Close<\/span><\/button>\n\t\t<h4 class=\"mc-title\">Kev\u00e4tkokous<\/h4>\n\t\r\n\t<div class='time-block'>\r\n\t\t<span class='mc-icon' aria-hidden='true'><\/span>\r\n\t\t<p><span class=\"time-wrapper\"><span class='event-time dtstart'><time class='value-title' datetime='2026-05-07T19:00:00+02:00' title='2026-05-07T19:00:00+02:00'>19:00<\/time><\/span> <span class='time-separator'> &ndash; <\/span> <span class='end-time dtend'> <time class='value-title' datetime='2026-05-07T21:00:00+02:00' title='2026-05-07T21:00:00+02:00'>21:00<\/time><\/span><\/span><br \/><span class=\"date-wrapper\"><span class='mc-start-date dtstart' title='2026-05-07T19:00:00+02:00' content='2026-05-07T19:00:00+02:00'>7.5.26<\/span>  <\/span><\/p>\r\n\t<\/div>\n\t\t<div class='longdesc description'><p><strong>Kev\u00e4tkokous sataman vartiotuvalla<\/strong> torstaina 7.5.2025 klo 19.00. Esill\u00e4 s\u00e4\u00e4nt\u00f6m\u00e4\u00e4r\u00e4iset asiat, lis\u00e4ksi kunniaj\u00e4senen lippujen luovutus uusille kunniaj\u00e4senille.<\/p>\n<p>Tervetuloa!<\/p>\n<\/div>\n\t\t<div class=\"sharing\">\t<p class='mc-details'><a aria-label='More&lt;span class=&quot;screen-reader-text&quot;&gt; about {title}&lt;\/span&gt;: Kev\u00e4tkokous' href='https:\/\/www.piikkionveneseura.net\/?page_id=634&#038;mc_id=303&#038;rest_route=\/wp\/v2\/pages\/634'>More<span class=\"screen-reader-text\"> about {title}<\/span><\/a><\/p>\n<\/div><\/div><!--end .details--><\/article>\n<\/td>\n<td class='no-events perjantai pe future-day   no-events day-with-date'><div class='mc-date-container'><span class='mc-date no-events'><span aria-hidden='true'>8<\/span><span class='screen-reader-text'>8.5.26<\/span><\/span><\/div>\n<\/td>\n<td class='no-events lauantai la future-day weekend  no-events day-with-date'><div class='mc-date-container'><span class='mc-date no-events'><span aria-hidden='true'>9<\/span><span class='screen-reader-text'>9.5.26<\/span><\/span><\/div>\n<\/td>\n<td class='no-events sunnuntai su future-day weekend  no-events day-with-date'><div class='mc-date-container'><span class='mc-date no-events'><span aria-hidden='true'>10<\/span><span class='screen-reader-text'>10.5.26<\/span><\/span><\/div>\n<\/td>\n<\/tr>\n<!-- End Event Row -->\n<tr class='mc-row'><td class='no-events maanantai ma future-day   no-events day-with-date'><div class='mc-date-container'><span class='mc-date no-events'><span aria-hidden='true'>11<\/span><span class='screen-reader-text'>11.5.26<\/span><\/span><\/div>\n<\/td>\n<td class='no-events tiistai ti future-day   no-events day-with-date'><div class='mc-date-container'><span class='mc-date no-events'><span aria-hidden='true'>12<\/span><span class='screen-reader-text'>12.5.26<\/span><\/span><\/div>\n<\/td>\n<td class='no-events keskiviikko ke future-day   no-events day-with-date'><div class='mc-date-container'><span class='mc-date no-events'><span aria-hidden='true'>13<\/span><span class='screen-reader-text'>13.5.26<\/span><\/span><\/div>\n<\/td>\n<td class='no-events torstai to future-day   no-events day-with-date'><div class='mc-date-container'><span class='mc-date no-events'><span aria-hidden='true'>14<\/span><span class='screen-reader-text'>14.5.26<\/span><\/span><\/div>\n<\/td>\n<td class='no-events perjantai pe future-day   no-events day-with-date'><div class='mc-date-container'><span class='mc-date no-events'><span aria-hidden='true'>15<\/span><span class='screen-reader-text'>15.5.26<\/span><\/span><\/div>\n<\/td>\n<td class='no-events lauantai la future-day weekend  no-events day-with-date'><div class='mc-date-container'><span class='mc-date no-events'><span aria-hidden='true'>16<\/span><span class='screen-reader-text'>16.5.26<\/span><\/span><\/div>\n<\/td>\n<td class='no-events sunnuntai su future-day weekend  no-events day-with-date'><div class='mc-date-container'><span class='mc-date no-events'><span aria-hidden='true'>17<\/span><span class='screen-reader-text'>17.5.26<\/span><\/span><\/div>\n<\/td>\n<\/tr>\n<!-- End Event Row -->\n<tr class='mc-row'><td class='no-events maanantai ma future-day   no-events day-with-date'><div class='mc-date-container'><span class='mc-date no-events'><span aria-hidden='true'>18<\/span><span class='screen-reader-text'>18.5.26<\/span><\/span><\/div>\n<\/td>\n<td class='no-events tiistai ti future-day   no-events day-with-date'><div class='mc-date-container'><span class='mc-date no-events'><span aria-hidden='true'>19<\/span><span class='screen-reader-text'>19.5.26<\/span><\/span><\/div>\n<\/td>\n<td class='no-events keskiviikko ke future-day   no-events day-with-date'><div class='mc-date-container'><span class='mc-date no-events'><span aria-hidden='true'>20<\/span><span class='screen-reader-text'>20.5.26<\/span><\/span><\/div>\n<\/td>\n<td class='no-events torstai to future-day   no-events day-with-date'><div class='mc-date-container'><span class='mc-date no-events'><span aria-hidden='true'>21<\/span><span class='screen-reader-text'>21.5.26<\/span><\/span><\/div>\n<\/td>\n<td class='no-events perjantai pe future-day   no-events day-with-date'><div class='mc-date-container'><span class='mc-date no-events'><span aria-hidden='true'>22<\/span><span class='screen-reader-text'>22.5.26<\/span><\/span><\/div>\n<\/td>\n<td class='no-events lauantai la future-day weekend  no-events day-with-date'><div class='mc-date-container'><span class='mc-date no-events'><span aria-hidden='true'>23<\/span><span class='screen-reader-text'>23.5.26<\/span><\/span><\/div>\n<\/td>\n<td class='no-events sunnuntai su future-day weekend  no-events day-with-date'><div class='mc-date-container'><span class='mc-date no-events'><span aria-hidden='true'>24<\/span><span class='screen-reader-text'>24.5.26<\/span><\/span><\/div>\n<\/td>\n<\/tr>\n<!-- End Event Row -->\n<tr class='mc-row'><td class='no-events maanantai ma future-day   no-events day-with-date'><div class='mc-date-container'><span class='mc-date no-events'><span aria-hidden='true'>25<\/span><span class='screen-reader-text'>25.5.26<\/span><\/span><\/div>\n<\/td>\n<td class='no-events tiistai ti future-day   no-events day-with-date'><div class='mc-date-container'><span class='mc-date no-events'><span aria-hidden='true'>26<\/span><span class='screen-reader-text'>26.5.26<\/span><\/span><\/div>\n<\/td>\n<td class='no-events keskiviikko ke future-day   no-events day-with-date'><div class='mc-date-container'><span class='mc-date no-events'><span aria-hidden='true'>27<\/span><span class='screen-reader-text'>27.5.26<\/span><\/span><\/div>\n<\/td>\n<td class='no-events torstai to future-day   no-events day-with-date'><div class='mc-date-container'><span class='mc-date no-events'><span aria-hidden='true'>28<\/span><span class='screen-reader-text'>28.5.26<\/span><\/span><\/div>\n<\/td>\n<td class='no-events perjantai pe future-day   no-events day-with-date'><div class='mc-date-container'><span class='mc-date no-events'><span aria-hidden='true'>29<\/span><span class='screen-reader-text'>29.5.26<\/span><\/span><\/div>\n<\/td>\n<td class='no-events lauantai la future-day weekend  no-events day-with-date'><div class='mc-date-container'><span class='mc-date no-events'><span aria-hidden='true'>30<\/span><span class='screen-reader-text'>30.5.26<\/span><\/span><\/div>\n<\/td>\n<td class='no-events sunnuntai su future-day weekend  no-events day-with-date'><div class='mc-date-container'><span class='mc-date no-events'><span aria-hidden='true'>31<\/span><span class='screen-reader-text'>31.5.26<\/span><\/span><\/div>\n<\/td>\n<\/tr>\n<!-- End Event Row -->\n\n<\/tbody>\n<\/table><\/div><!-- .mc-content -->\n<nav class=\"my-calendar-navigation\" aria-label=\"Calendar (bottom)\">\n<div class=\"mc_bottomnav my-calendar-footer\"><div class=\"category-key has-icons\"><h2 class=\"maybe-hide\">Event Categories<\/h2>\n<ul>\n<li class=\"cat_general\"><button type=\"button\" class=\"mc-navigation-button\" id=\"mc_cat_1-mc-948a6a8e8cd15db324902317a630b853\" data-href=\"https:\/\/www.piikkionveneseura.net\/?page_id=634&#038;mcat=1&#038;rest_route=\/wp\/v2\/pages\/634\" ><span class=\"category-color-sample svg\" style=\"background:#ff;\"><svg style=\"fill:#000000\" focusable=\"false\" role=\"img\" aria-labelledby=\"cat_1\" class=\"category-icon\" xmlns=\"http:\/\/www.w3.org\/2000\/svg\" viewBox=\"0 0 448 512\"><!-- Font Awesome Free 5.15.3 by @fontawesome - https:\/\/fontawesome.com License - https:\/\/fontawesome.com\/license\/free (Icons: CC BY 4.0, Fonts: SIL OFL 1.1, Code: MIT License) --><title id='cat_1'>General<\/title><path d=\"M0 464c0 26.5 21.5 48 48 48h352c26.5 0 48-21.5 48-48V192H0v272zm320-196c0-6.6 5.4-12 12-12h40c6.6 0 12 5.4 12 12v40c0 6.6-5.4 12-12 12h-40c-6.6 0-12-5.4-12-12v-40zm0 128c0-6.6 5.4-12 12-12h40c6.6 0 12 5.4 12 12v40c0 6.6-5.4 12-12 12h-40c-6.6 0-12-5.4-12-12v-40zM192 268c0-6.6 5.4-12 12-12h40c6.6 0 12 5.4 12 12v40c0 6.6-5.4 12-12 12h-40c-6.6 0-12-5.4-12-12v-40zm0 128c0-6.6 5.4-12 12-12h40c6.6 0 12 5.4 12 12v40c0 6.6-5.4 12-12 12h-40c-6.6 0-12-5.4-12-12v-40zM64 268c0-6.6 5.4-12 12-12h40c6.6 0 12 5.4 12 12v40c0 6.6-5.4 12-12 12H76c-6.6 0-12-5.4-12-12v-40zm0 128c0-6.6 5.4-12 12-12h40c6.6 0 12 5.4 12 12v40c0 6.6-5.4 12-12 12H76c-6.6 0-12-5.4-12-12v-40zM400 64h-48V16c0-8.8-7.2-16-16-16h-32c-8.8 0-16 7.2-16 16v48H160V16c0-8.8-7.2-16-16-16h-32c-8.8 0-16 7.2-16 16v48H48C21.5 64 0 85.5 0 112v48h448v-48c0-26.5-21.5-48-48-48z\"\/><\/svg><\/span>General<\/button><\/li><li class='all-categories'><span class='mc-active' id='mc_cat_all-mc-948a6a8e8cd15db324902317a630b853' tabindex='-1'>All Categories<\/span><\/li><\/ul><\/div><div class='mc-export mc-subscribe'>\r\n\t<ul><li class='ics google'><a href='https:\/\/www.google.com\/calendar\/render?cid=webcal:\/\/www.piikkionveneseura.net\/?feed=my-calendar-google' rel='nofollow'><span class='mc-icon' aria-hidden='true'><\/span><span class=\"maybe-hide\">Subscribe in <\/span>Google<\/a><\/li><li class='ics ical'><a href='webcal:\/\/www.piikkionveneseura.net\/?feed=my-calendar-google' rel='nofollow'><span class='mc-icon' aria-hidden='true'><\/span><span class=\"maybe-hide\">Subscribe in <\/span>iCal<\/a><\/li><\/ul>\r\n<\/div><div class='mc-print'><a id='mc_print-mc-948a6a8e8cd15db324902317a630b853' href='https:\/\/www.piikkionveneseura.net?cid=mc-print-view&#038;dy=1&#038;href=https%3A%2F%2Fwww.piikkionveneseura.net%3Frest_route%3D%2Fwp%2Fv2%2Fpages%2F634&#038;month=5&#038;rest_route=\/wp\/v2\/pages\/634&#038;time=month&#038;yr=2026' rel='nofollow'><span class='mc-icon' aria-hidden='true'><\/span>Print<span class=\"maybe-hide\"> View<\/span><\/a><\/div><\/div>\n<\/nav>\n\r\n<\/div><!-- Close Main My Calendar Wrapper -->\n","protected":false},"excerpt":{"rendered":"","protected":false},"author":1,"featured_media":0,"parent":0,"menu_order":0,"comment_status":"closed","ping_status":"closed","template":"","meta":{"_bbp_topic_count":0,"_bbp_reply_count":0,"_bbp_total_topic_count":0,"_bbp_total_reply_count":0,"_bbp_voice_count":0,"_bbp_anonymous_reply_count":0,"_bbp_topic_count_hidden":0,"_bbp_reply_count_hidden":0,"_bbp_forum_subforum_count":0,"_mc_calendar":[],"footnotes":""},"class_list":["post-634","page","type-page","status-publish","hentry"],"_links":{"self":[{"href":"https:\/\/www.piikkionveneseura.net\/index.php?rest_route=\/wp\/v2\/pages\/634","targetHints":{"allow":["GET"]}}],"collection":[{"href":"https:\/\/www.piikkionveneseura.net\/index.php?rest_route=\/wp\/v2\/pages"}],"about":[{"href":"https:\/\/www.piikkionveneseura.net\/index.php?rest_route=\/wp\/v2\/types\/page"}],"author":[{"embeddable":true,"href":"https:\/\/www.piikkionveneseura.net\/index.php?rest_route=\/wp\/v2\/users\/1"}],"replies":[{"embeddable":true,"href":"https:\/\/www.piikkionveneseura.net\/index.php?rest_route=%2Fwp%2Fv2%2Fcomments&post=634"}],"version-history":[{"count":1,"href":"https:\/\/www.piikkionveneseura.net\/index.php?rest_route=\/wp\/v2\/pages\/634\/revisions"}],"predecessor-version":[{"id":635,"href":"https:\/\/www.piikkionveneseura.net\/index.php?rest_route=\/wp\/v2\/pages\/634\/revisions\/635"}],"wp:attachment":[{"href":"https:\/\/www.piikkionveneseura.net\/index.php?rest_route=%2Fwp%2Fv2%2Fmedia&parent=634"}],"curies":[{"name":"wp","href":"https:\/\/api.w.org\/{rel}","templated":true}]}}